22, 543 = 5*p - 3*f - 0*f. Let y = p - 64. What is the tens digit of y?
4
Let a = 8 - 8. Suppose a = -4*j + 3 + 13. Suppose -x = -j*x + 69. What is the units digit of x?
3
Let f = -3677 + 5496. What is the units digit of f?
9
Suppose 3902 + 7148 = 17*s. What is the units digit of s?
0
Let s(w) = w**3 + 12*w**2 - 31*w + 6. Let y be s(-14). Let b = y + 6. What is the tens digit of b?
5
What is the tens digit of 25/(-175) - 8696/(-14)?
2
Let b = -19 - -27. Let s(v) = -5*v - 11. Let l be s(b). What is the tens digit of 2*l/18*-3?
1
Let h(f) = f**2 + 3*f + 2. Let o be h(-4). Let d be (-8)/18*3*o. Let k = 18 + d. What is the tens digit of k?
1
Let a(n) = 2*n + 4. Let t be a(4). Let x be ((-18)/t)/((-3)/6). Suppose 31 + 11 = x*s. What is the units digit of s?
4
Suppose 621 = -11*v - 270. Let s = v - -90. What is the units digit of s?
9
Let i = 4328 + -1927. What is the tens digit of i?
0
Let a(f) = -118*f + 173. What is the tens digit of a(-16)?
6
Let y(n) = 2*n - 3. Let o be y(3). Suppose -o*w + 5 = -7. Suppose 4*x + w*g = 68, g = -3*g. What is the units digit of x?
7
What is the thousands digit of -19*51/2*-6?
2
Let x(r) be the second derivative of r**5/20 + 11*r**4/12 - 13*r**3/6 - 9*r**2/2 + 18*r. What is the units digit of x(-12)?
3
Let m = 401 + -367. What is the units digit of m?
4
Let a be 4/10 - (-308)/5. Suppose 5*q - 10 = 0, 4*b + 0*q = q + 10. Suppose -z + 38 = 5*u, -3*z + b*u + a = -16. What is the units digit of z?
8
Let c(i) = 2*i - 8. Let d be c(-6). Let r = d + 22. What is the units digit of r?
2
Let u = 4783 + -2408. What is the units digit of u?
5
Suppose 4*y = 527 + 497. Suppose -3*u + 5*k = -198 - 5, y = 4*u - 3*k. What is the tens digit of u?
6
Let p = 150 + -74. Suppose 5*t = 15 - 0. Suppose -t*l = -l - p. What is the units digit of l?
8
Suppose -31063 = -30*f + 13397. What is the thousands digit of f?
1
Let w be 4/(-22) - (3 - (-8302)/77). Let l = w + 204. What is the units digit of l?
3
Let c(q) = 2*q**3 - 4*q**2 - 2*q + 4*q + q**3 - 2*q**3. Let n(b) = -6*b**3 + 21*b**2 - 9*b + 1. Let r(g) = 11*c(g) + 2*n(g). What is the units digit of r(-4)?
8
Let p(i) be the first derivative of -i**3/3 + 4*i**2 + 11*i - 2. Let w be p(9). Suppose 0 = -0*n - w*n + 48. What is the tens digit of n?
2
Suppose 3*q + 12 = -0*a + 3*a, -6 = -2*q. Suppose 0*r = -a*r + 259. What is the units digit of (r - 0) + (-1 - -2)?
8
Let z be (-30)/(-8) - 3/(-12). Suppose v - 5*n - 4 = -1, -n = -z*v + 50. What is the tens digit of v?
1
Let o(t) = 5*t**3 + t**2 - 3*t - 1. Let f be o(3). Suppose 3*v - f - 151 = 0. What is the units digit of v?
5
Suppose -32*r + 37*r + 3373 = 3*z, -4*r + 3409 = 3*z. What is the thousands digit of z?
1
Let l be 0 - (0 + -4 - 35). Suppose 4*u = 17*u - l. What is the units digit of u?
3
Let k = 127 + -59. Let a be -1 - (-133 + (-9 - 2 - -6)). Let f = a - k. What is the tens digit of f?
6
Suppose -9*i - i + 3330 = 0. Suppose -2*p + 118 = -p + 4*h, -5*h = 3*p - i. What is the tens digit of p?
0
Let t = -251 - -147. Let z = -40 - t. What is the tens digit of z?
6
Let c = -16 + 28. Let p = c - 4. What is the units digit of p?
8
Let l be (-20 - 5 - -1)/1. What is the tens digit of 144/(-2)*((-102)/l + -7)?
9
What is the hundreds digit of 1920/(-14)*182/(-26)?
9
Let s = 3 + -12. Let d = -17 - s. What is the tens digit of -38*4/d + 2?
2
What is the tens digit of (534 - 2) + (-13)/((-143)/66)?
3
Let u be 0 - (30/9)/((-6)/(-81)). What is the units digit of 5/(u/(-6))*510/4?
5
Let r(j) = -j**3 + 10*j**2 + 9*j - 1. Let u be r(6). Suppose -45 + u = 2*s. Let x = -46 + s. What is the tens digit of x?
3
Let z = 124 - 81. Let u = z + -18. Suppose 0 = -5*w + 2*a + 3*a + u, -11 = w + 3*a. What is the units digit of w?
1
Let q = 20 - 20. What is the units digit of (55 - q) + 0/(-2)?
5
Let w = 638 - 197. What is the hundreds digit of w?
4
What is the units digit of 264 + 33 + -1*6?
1
Let t(z) = z**2 - 11*z + 35. Let p(o) = o**2 - 6*o + 17. Let n(k) = 5*p(k) - 3*t(k). What is the units digit of n(6)?
0
Let m(j) = -5*j + 3. Let w be m(-4). Let f(c) = -c**2 - 11*c + 0*c**2 - 8 + w. What is the units digit of f(-9)?
3
Suppose 3*u = 3*s - 30, 7*u = 2*s + 3*u - 22. What is the units digit of s?
9
Let y be 296/12 - (-2)/6. Let d = 21 + 42. Let m = d - y. What is the tens digit of m?
3
Suppose 3*l = -9, -8*l = 2*b - 4*l + 488. Let n = 357 + b. What is the units digit of n?
9
Suppose 0 = -h - 8 - 0. Let j(l) = 2*l + 12. Let d be j(h). What is the units digit of 6/d - (-43)/2?
0
Suppose -239 = -4*p + p - 2*q, 2*p + q = 160. What is the units digit of (-1)/((1 + -4)/p)?
7
Let v(y) be the first derivative of y**3 - y**2/2 + 75*y + 7. What is the tens digit of v(0)?
7
What is the thousands digit of (30/24)/(3/4020 + 0)?
1
Suppose 0 = -4*q - 1 + 21. Let w(j) = -44*j + 13. Let x(p) = 15*p - 4. Let h(d) = -6*w(d) - 17*x(d). What is the units digit of h(q)?
5
What is the hundreds digit of (6 + 56/10)*75?
8
Let p = -281 + 490. Let x = 414 - p. What is the units digit of x?
5
Suppose 9*x + 1239 = 3714. What is the hundreds digit of x?
2
Let g(f) = 14*f**2 + 24*f - 60. What is the hundreds digit of g(-13)?
9
Let y(p) = 3*p**2 - 70*p - 6. What is the hundreds digit of y(29)?
4
Suppose -4*z - 5*t = 114, 0*z = -2*z + 3*t - 68. Let i = z - -45. What is the units digit of i?
4
Suppose -10*c + 465 = -7*c. What is the hundreds digit of c?
1
Let k(d) = 10*d**2 + d + 1. Let w be k(-1). Suppose 2*i + 3 = -g + 8, w = 2*i. What is the units digit of 122/2 + g + 5?
1
Suppose -2*v = -2, 3*v - 606 = -5*w + 1937. What is the hundreds digit of w?
5
Let o(f) = 3*f - 7. Let m(z) = z**2 + 14*z - 12. Let b be m(-15). Let c(u) = -4*u + 7. Let s(a) = b*o(a) + 4*c(a). What is the units digit of s(-5)?
2
Let n be (-395)/(-20) + (-1)/(-4). Suppose 4*d = -2*f + n, -d + 10 = f - 2*d. What is the units digit of 6/f - 21/(-15)?
2
Let p(h) = 3*h - 94. Let w be p(0). Let l = 207 + w. What is the tens digit of l?
1
Let l(b) = -6*b - 3. Let m = 19 + -10. Suppose -m*a + 2 = -10*a. What is the units digit of l(a)?
9
What is the hundreds digit of (-18)/4*15022/(-87)?
7
Suppose -5*d = 5*i - 8*d + 63, 5*i + 4*d + 91 = 0. Let h(z) = -130*z**3 + z + 1. Let b be h(-1). What is the tens digit of (12/i)/((-4)/b)?
2
What is the units digit of 98284/28 - (-4)/(-28)?
0
Let y(m) = 2*m + 49. Let p be y(-23). Suppose 0*z - 66 = -p*n + z, -5*z - 99 = -4*n. What is the units digit of n?
1
Suppose 0 = 32*v - 11401 - 44151. What is the tens digit of v?
3
What is the hundreds digit of (-1 - (-569)/4)*(1 + 3)?
5
Let i be (-2 + 2 + 1)*29. Let v = -17 + i. What is the units digit of v?
2
Let c(h) = -7 + 0*h**3 + h + 1 + h**3 + 8. Suppose 4*j - 20 = 4*d, -5 = -2*j + 5. What is the units digit of c(d)?
2
Let l(p) = 2*p + 13. Let g be l(4). Let h = g + 16. What is the units digit of h?
7
Let w = 20 + -15. Suppose -w*y + 7 + 18 = 0. Suppose -y*v + z + 105 = -56, -2*v - 3*z = -78. What is the tens digit of v?
3
Let f = 1867 + -762. What is the thousands digit of f?
1
Let p(u) = -u**2 + u + 1. Suppose 2*s + 4*g - 6 = 0, 3*s + 3 = -2*g + 4. Let f be p(s). What is the units digit of -4 + 2 + (-6)/f?
4
What is the hundreds digit of (1327 - 17)*1*(-4)/(-10)?
5
Let i(u) = -2*u - 7. Let p be i(-6). Suppose 0 = p*z - 34 - 276. What is the tens digit of z?
6
Let i(t) = 20*t**2 - 5*t - 5. Let s be i(-2). Suppose 4*z + s = v, 2*v + z - 96 = 38. What is the tens digit of v?
6
Let k = 95 - 79. Suppose -4*r + a + k = -13, -r = -4*a - 26. What is the units digit of r?
6
Let d be 4/2 - (-5 + 3). Suppose -150 = -d*i + 2*i. What is the tens digit of i?
7
Let b(f) = -f**3 - 15*f**2 - 17*f + 18. Let z be b(-15). Suppose -z = -3*d - 48. What is the tens digit of d?
7
Suppose 0 = 2*m + 7*u - 12*u - 9708, -4*u = 4*m - 19360. What is the units digit of m?
4
Let q be (48/60)/(1/10). Let p be ((-6)/q)/((-6)/(-24)). What is the units digit of p + (-32)/(-2) + -3?
0
Let t be -4 - (-7 - -4) - -4. Let z be ((-29)/4)/(t/12). Let f = 75 + z. What is the units digit of f?
6
Suppose -4*d + 5*c = -4187 - 2629, 4*d - 6824 = 3*c. What is the thousands digit of d?
1
Suppose 113 + 103 = 4*y. What is the tens digit of y?
5
Let z(p) = 30*p**3 - 11*p**2 + 32*p - 3. What is the hundreds digit of z(3)?
8
Let o(r) = -19*r + 13. Let a be o(8). Let d = -93 - a. What is the uni